st the prime factors of 3557.
3557
What are the prime factors of 91678?
2, 23, 1993
List the prime factors of 3875.
5, 31
What are the prime factors of 1106?
2, 7, 79
What are the prime factors of 916?
2, 229
List the prime factors of 2586.
2, 3, 431
What are the prime factors of 3533?
3533
List the prime factors of 71010.
2, 3, 5, 263
List the prime factors of 94498.
2, 37, 1277
What are the prime factors of 1125?
3, 5
What are the prime factors of 4982?
2, 47, 53
List the prime factors of 10968.
2, 3, 457
List the prime factors of 42293.
42293
What are the prime factors of 139994?
2, 69997
What are the prime factors of 1001?
7, 11, 13
List the prime factors of 1599.
3, 13, 41
List the prime factors of 1065.
3, 5, 71
What are the prime factors of 8049?
3, 2683
What are the prime factors of 15792?
2, 3, 7, 47
List the prime factors of 342.
2, 3, 19
What are the prime factors of 1223?
1223
List the prime factors of 703.
19, 37
List the prime factors of 31092.
2, 3, 2591
What are the prime factors of 750?
2, 3, 5
List the prime factors of 2532.
2, 3, 211
List the prime factors of 13400.
2, 5, 67
List the prime factors of 44144.
2, 31, 89
What are the prime factors of 23377?
97, 241
What are the prime factors of 90304?
2, 17, 83
List the prime factors of 143.
11, 13
What are the prime factors of 33351?
3, 11117
What are the prime factors of 21069?
3, 2341
List the prime factors of 2387.
7, 11, 31
What are the prime factors of 2369?
23, 103
What are the prime factors of 20960?
2, 5, 131
What are the prime factors of 771?
3, 257
List the prime factors of 64317.
3, 11, 1949
List the prime factors of 24121.
24121
What are the prime factors of 22160?
2, 5, 277
List the prime factors of 11485.
5, 2297
List the prime factors of 4025.
5, 7, 23
List the prime factors of 1052.
2, 263
What are the prime factors of 47701?
47701
What are the prime factors of 588?
2, 3, 7
List the prime factors of 669.
3, 223
List the prime factors of 12210.
2, 3, 5, 11, 37
What are the prime factors of 1395?
3, 5, 31
What are the prime factors of 2153?
2153
List the prime factors of 698.
2, 349
List the prime factors of 40168.
2, 5021
List the prime factors of 6181.
7, 883
List the prime factors of 8996.
2, 13, 173
What are the prime factors of 3072?
2, 3
What are the prime factors of 1373?
1373
List the prime factors of 14101.
59, 239
List the prime factors of 58729.
11, 19, 281
List the prime factors of 1380.
2, 3, 5, 23
What are the prime factors of 816?
2, 3, 17
What are the prime factors of 10278?
2, 3, 571
List the prime factors of 22433.
22433
What are the prime factors of 130747?
17, 7691
List the prime factors of 2732.
2, 683
List the prime factors of 89754.
2, 3, 7, 2137
List the prime factors of 1159.
19, 61
List the prime factors of 2840.
2, 5, 71
List the prime factors of 4133.
4133
List the prime factors of 53664.
2, 3, 13, 43
What are the prime factors of 43?
43
What are the prime factors of 212?
2, 53
What are the prime factors of 1817?
23, 79
List the prime factors of 1790.
2, 5, 179
List the prime factors of 700.
2, 5, 7
List the prime factors of 546.
2, 3, 7, 13
List the prime factors of 6148.
2, 29, 53
List the prime factors of 2904.
2, 3, 11
What are the prime factors of 8161?
8161
List the prime factors of 731.
17, 43
What are the prime factors of 930?
2, 3, 5, 31
What are the prime factors of 24621?
3, 29, 283
List the prime factors of 76366.
2, 38183
What are the prime factors of 168?
2, 3, 7
What are the prime factors of 9835?
5, 7, 281
List the prime factors of 25961.
13, 1997
What are the prime factors of 336?
2, 3, 7
What are the prime factors of 7080?
2, 3, 5, 59
List the prime factors of 1655.
5, 331
List the prime factors of 693.
3, 7, 11
List the prime factors of 43236.
2, 3, 1201
List the prime factors of 1338.
2, 3, 223
What are the prime factors of 79992?
2, 3, 11, 101
List the prime factors of 3789.
3, 421
List the prime factors of 925.
5, 37
What are the prime factors of 1303?
1303
List the prime factors of 10580.
2, 5, 23
What are the prime factors of 449?
449
List the prime factors of 1306.
2, 653
What are the prime factors of 16379?
11, 1489
List the prime factors of 54778.
2, 61, 449
What are the prime factors of 323?
17, 19
List the prime factors of 680.
2, 5, 17
List the prime factors of 55233.
3, 17, 19
What are the prime factors of 6417?
3, 23, 31
What are the prime factors of 135469?
135469
List the prime factors of 63349.
11, 13, 443
List the prime factors of 9082.
2, 19, 239
List the prime factors of 411.
3, 137
What are the prime factors of 1330?
2, 5, 7, 19
What are the prime factors of 10203?
3, 19, 179
List the prime factors of 8245.
5, 17, 97
What are the prime factors of 1006?
2, 503
List the prime factors of 3045.
3, 5, 7, 29
List the prime factors of 660.
2, 3, 5, 11
What are the prime factors of 278?
2, 139
What are the prime factors of 1766?
2, 883
List the prime factors of 54043.
11, 17
List the prime factors of 4413.
3, 1471
What are the prime factors of 64162?
2, 7, 4583
What are the prime factors of 7517?
7517
List the prime factors of 2941.
17, 173
What are the prime factors of 18755?
5, 11, 31
List the prime factors of 2452.
2, 613
What are the prime factors of 11602?
2, 5801
List the prime factors of 5606.
2, 2803
What are the prime factors of 2926?
2, 7, 11, 19
What are the prime factors of 10486?
2, 7, 107
What are the prime factors of 6534?
2, 3, 11
List the prime factors of 3030.
2, 3, 5, 101
What are the prime factors of 36897?
3, 7, 251
List the prime factors of 40569.
3, 13523
List the prime factors of 5803.
7, 829
What are the prime factors of 84571?
23, 3677
List the prime factors of 645.
3, 5, 43
What are the prime factors of 940?
2, 5, 47
What are the prime factors of 2320?
2, 5, 29
What are the prime factors of 90858?
2, 3, 19, 797
What are the prime factors of 123515?
5, 7, 3529
What are the prime factors of 339?
3, 113
What are the prime factors of 4158?
2, 3, 7, 11
List the prime factors of 45540.
2, 3, 5, 11, 23
What are the prime factors of 31671?
3, 17, 23
What are the prime factors of 3756?
2, 3, 313
List the prime factors of 293.
293
What are the prime factors of 7420?
2, 5, 7, 53
What are the prime factors of 21451?
19, 1129
What are the prime factors of 29235?
3, 5, 1949
List the prime factors of 175.
5, 7
What are the prime factors of 20276?
2, 37, 137
List the prime factors of 2639.
7, 13, 29
List the prime factors of 9222.
2, 3, 29, 53
What are the prime factors of 45916?
2, 13, 883
What are the prime factors of 313?
313
What are the prime factors of 1198?
2, 599
What are the prime factors of 19466?
2, 9733
What are the prime factors of 52345?
5, 19, 29
List the prime factors of 99.
3, 11
List the prime factors of 19337.
61, 317
What are the prime factors of 2131?
2131
List the prime factors of 1719.
3, 191
List the prime factors of 3525.
3, 5, 47
List the prime factors of 59887.
59887
List the prime factors of 962.
2, 13, 37
List the prime factors of 38492.
2, 9623
List the prime factors of 10215.
3, 5, 227
List the prime factors of 1683.
3, 11, 17
List the prime factors of 6810.
2, 3, 5, 227
What are the prime factors of 143?
11, 13
List the prime factors of 918.
2, 3, 17
What are the prime factors of 127198?
2, 63599
List the prime factors of 1574.
2, 787
List the prime factors of 39876.
2, 3, 3323
What are the prime factors of 4509?
3, 167
List the prime factors of 192006.
2, 3, 10667
List the prime factors of 3705.
3, 5, 13, 19
List the prime factors of 35656.
2, 4457
What are the prime factors of 43226?
2, 21613
What are the prime factors of 1798?
2, 29, 31
What are the prime factors of 22679?
22679
List the prime factors of 1232.
2, 7, 11
List the prime factors of 590.
2, 5, 59
List the prime factors of 477.
3, 53
What are the prime factors of 1709?
1709
List the prime factors of 2311.
2311
What are the prime factors of 3694?
2, 1847
List the prime factors of 1349.
19, 71
What are the prime factors of 4334?
2, 11, 197
What are the prime factors of 143983?
7, 67, 307
What are the prime factors of 39513?
3, 13171
What are the prime factors of 24554?
2, 12277
What are the prime factors of 292?
2, 73
List the prime factors of 899.
29, 31
List the prime factors of 12032.
2, 47
Lis